Let g be ((-24)/(-18))/((-4)/18). Calculate l(g).
-2
Let u(t) = t**3 + 7*t**2 - 7*t - 7. Let j(a) = a**2 - a - 1. Let y(p) = -5*j(p) + u(p). Let x = 6 - 9. Determine y(x).
-5
Let c = 9 + -11. Let g(s) be the first derivative of 0*s - 1/2*s**2 + 2/3*s**3 + 2. Determine g(c).
10
Let k(q) be the third derivative of -q**4/24 - 11*q**3/6 - 10*q**2. Determine k(-9).
-2
Let v(f) be the second derivative of -f**3/6 + 4*f**2 + 3*f + 3. Give v(7).
1
Suppose 0 = -2*k + 3 + 5. Suppose -7 = -2*q + g, -k*q - g + 3 - 4 = 0. Let x(j) = -q + 3 - j - 2. Calculate x(-5).
5
Suppose 0*t = -2*t + 6. Suppose 0 = -0*j + t*j - 6. Let a(v) = -5*v**2 + 4 + 3*v**j + 3*v**2 - 5*v - 2. Give a(6).
8
Suppose 3*w - 24 = -2*x - 5, -4*w + 3*x = -48. Suppose 5*r = p - 3, 2*r + 21 = 4*p + w. Let u(a) be the second derivative of -a**3/3 + a**2 - 2*a. What is u(p)?
-4
Let f(t) be the second derivative of -t**3/6 + t. Suppose 6 - 4 = -y. Let k be y/(-6)*(16 + -7). Give f(k).
-3
Let b(a) = -2 + 11 - 14 - a. Give b(-5).
0
Let k(w) = 6*w + 2 - w**3 - 3*w**2 + 3*w**2 - 2*w**2. Determine k(-4).
10
Let m(i) = -2 + 2*i**3 - i + 3 + 0*i - i**3. Let o be m(1). Let q(d) = -3*d + 4*d - 2*d - o. Give q(3).
-4
Let m(r) = -2*r + 6. Let h be m(6). Let n = 8 + h. Let l(w) = 0 - 3*w**n + 1 + 2*w**2. Determine l(-1).
0
Let j(k) = -k**2 + k - 2. Let w be j(0). Let q(c) = -c**3 - 2*c**2 - c - 1. Give q(w).
1
Suppose 0 = -3*z + 2 + 7. Let t be 6*(z - 2) + -1. Let r(h) be the third derivative of -h**5/60 + h**4/8 + 2*h**3/3 - 2*h**2. Give r(t).
-6
Let o(q) = 7*q + 1. Let z = 5 + 10. Suppose 3*d = -0 + z. Suppose -4*v - 8 = -m, -d*v = -m + 6*m - 15. Give o(v).
-6
Suppose 0 = 2*z - 8 - 0. Let v(l) = -l**3 + 5*l**2 - 5*l - 3. What is v(z)?
-7
Let t(x) be the second derivative of -x**4/12 - 5*x**3/3 - 7*x**2/2 - 3*x. Let w be t(-9). Let p(s) = -5*s**2 + s**3 + w*s**2 - 2*s**2 + 4*s + 1. Give p(4).
1
Suppose -2 = -2*a, -10*i - 7 = -6*i - 3*a. Let d(b) = -9*b**3 - 2*b - 1. Calculate d(i).
10
Suppose -2*k + 5 = 5*y - 13, -2*k = 3*y - 14. Suppose 3 = -4*d - k*w + 11, -3*d + 3*w = 0. Let z = 0 - d. Let p(j) = 8*j**3 + j + 1. Give p(z).
-8
Let q(d) = d**3 + 2*d**2 + 2*d + 1. Let l = 18 - 20. Give q(l).
-3
Let a(y) = -3*y**2 + 4*y. Let s be a(2). Let f(n) = -n**2 - 2*n + 3. Determine f(s).
-5
Let k(c) = -c**3 + 6*c**2 - 3*c + 6. Let g = -3 - -5. Suppose 0 = -g*f + 3*f - 3, 5*q - 2*f = 19. Give k(q).
16
Let v(a) = 9*a - 19. Let f(w) = 5*w - 9. Let t(i) = 7*f(i) - 4*v(i). Determine t(7).
6
Let y = 25 + -23. Let b(u) = -u + 2. What is b(y)?
0
Suppose -1 - 3 = -3*r + 4*d, -4*r - 24 = 2*d. Let g be 1/(-4)*2*-4. Let a(l) = -4*l**g + l**2 + 4*l**2 + 5 + 7*l. Give a(r).
-7
Let p = -49 + 55. Let a(k) be the third derivative of k**5/60 - k**4/4 + 2*k**3/3 - k**2. Determine a(p).
4
Let y(t) = -3*t - 3. Suppose 4*m = -0*m + 48. Suppose 0 = -0*a - 3*a - m. Let r be 3/(18/a)*6. Determine y(r).
9
Let a(d) = d**2 - 2. Let x(z) = z - 2. Let s be x(5). Let w(j) = -j**3 + 3*j**2 + 2*j - 4. Let k be w(3). Let o be s + k/2 + -1. Calculate a(o).
7
Let o(x) = -3*x + 1. Let a(n) = -6*n + 2. Let v(p) = -3*a(p) + 5*o(p). Give v(1).
2
Let y(o) = -o + 6. Let d be y(9). Let z be (d/(3/4))/1. Let x(r) = -r**3 - 4*r**2 + 3*r + 3. Determine x(z).
-9
Suppose -2*a + f = -6*a - 2, a - f = 2. Let w(r) be the first derivative of -r**2/2 + 6*r + 5. Calculate w(a).
6
Let r(k) be the second derivative of -k**6/20 - k**5/60 + k**4/24 - k**3/6 - 7*k**2/2 + 3*k. Let j(n) be the first derivative of r(n). Give j(1).
-7
Let k(a) = 2 + a**3 + a**2 + 4*a + 6 + 2*a + 6*a**2. Let v(f) = -6*f**2 + f + 1. Let s be v(-1). Give k(s).
8
Let q(c) = 2. Let p(v) = 2*v**2 - 4*v + 20. Let o(t) = -p(t) + 8*q(t). Calculate o(3).
-10
Let p(a) = -9*a**2 + a. Let k = -4 - 31. Let s be (-49)/k - 4/10. Calculate p(s).
-8
Suppose 7*m = 4*m + 2*p + 17, 0 = 5*m + 5*p - 20. Let s(c) = -2*c - 5 + 4*c + 0. Determine s(m).
5
Suppose 0 = 5*w + 2*b - 10, b + b = 0. Let f(a) = 4 - 3*a**w + 2*a**2 + 0. Let t(o) = -o**2 - 6*o + 10. Let x be t(-7). Give f(x).
-5
Let k(v) = v**2 - 11*v + 4. Suppose -2 = -2*b + 18. What is k(b)?
-6
Let p(g) be the first derivative of g**3/3 + 3*g**2 + g + 1. Let k be p(-6). Let f(o) = 2*o - 1. What is f(k)?
1
Let f be 4 + (-3 - 0 - 1). Let m(u) = u**3 + u**2 + u + 4. Calculate m(f).
4
Let w be 38/8 - (-12)/48. Let x(f) = f**3 - 6*f**2 + 4*f + 3. Calculate x(w).
-2
Suppose 10*q - 9*q - 2*d = 5, 45 = -4*q - 5*d. Let i(m) = m**3 + 5*m**2 - m - 5. Give i(q).
0
Let s(c) = 5*c + 36. Let b(j) = -j - 7. Let y = 16 + -5. Let x(v) = y*b(v) + 2*s(v). Determine x(-5).
0
Let t(c) = -c**3 - 8*c**2 - 6*c - 2. Suppose 4*f + 0*f + 30 = 2*m, -f + 2*m = 9. Calculate t(f).
-9
Let h be (4/3)/((-1)/(-6)). Suppose -5 + h = x. Let j(n) = -2*n + 2. Give j(x).
-4
Let q(t) = t**3 + 6*t**2 + 4*t - 5. Let b be q(-5). Let n be 12/(-4) - b/(-2). Let z(w) = -w + 3. Calculate z(n).
6
Let y(t) = 11*t**3 + 4*t**2 + 5. Let i(z) = 21*z**3 + 7*z**2 + 9. Let p(h) = -4*i(h) + 7*y(h). Calculate p(1).
-8
Let j(o) = 6*o**3 + o**2. Let u be j(-1). Let r(h) = h**2 + 6*h - 3. Give r(u).
-8
Let m(j) = j**2 + j - 5. Let d be m(0). Let y(t) = 3*t**3 - 22*t**2 - 16*t + 5. Let b(z) = -2*z**3 + 15*z**2 + 11*z - 3. Let p(n) = d*y(n) - 7*b(n). Give p(5).
11
Let j(a) = a**2 - a - 1. Let c(w) = -2*w**2 + 1. Let g be c(1). Calculate j(g).
1
Let o = -2 - 1. Let f(d) = d**3 + 3*d**2 - 2*d + 2. Give f(o).
8
Let w(l) = -l**2 - 6*l - 3. Let u be (4 + 34/(-6))*3. Give w(u).
2
Let a(b) be the third derivative of -1/60*b**5 + 0*b - b**2 + 0 - 1/4*b**4 - 1/6*b**3. Give a(-5).
4
Let w = 4 + -4. Let h(l) = 1 - l**2 - 4 - 3*l + w. Let t(a) = -3*a - 1. Let m be t(1). Give h(m).
-7
Let j = -11 + 18. Let t(g) = g**2 - 6*g - 1. Let a be t(j). Let r(q) = q**2 - 6*q + 9. Determine r(a).
9
Let g(p) = -p - 7. Let o(r) = r**2 + 5*r + 4. Let z be o(-5). Let q be (z + -2)*27/(-6). Let m be 3*(-3)/q*-3. Calculate g(m).
-4
Let z(p) be the first derivative of p**2/2 + p - 1. Let y be -2 + (3 - (0 - 6)). Let n(t) = -t**2 + 7*t - 5. Let m be n(y). Calculate z(m).
-4
Suppose 5*u - 6 = 3*u. Suppose -5*h + 25 = u*y, -5*y - 5 = 2*h - 3*h. Let k(a) = -1 - a**2 + 0*a**2 - a + y*a. Calculate k(-2).
-3
Let c(r) = 4*r - 4276 + 4276 + 2*r**2. What is c(-3)?
6
Let x(f) = -f + 3. Suppose -25 + 10 = 3*g. What is x(g)?
8
Let a(l) = 6*l - 5. Let h(g) = -g - 1. Let f(u) = -a(u) - 5*h(u). Determine f(7).
3
Let i be ((-2)/(-2) - 2)*1. Let j(g) = -2*g + 1. Let a be j(i). Suppose 6 = -a*v + v, -3*q - 3*v = 12. Let f(w) = w**3 - 1. Calculate f(q).
-2
Let k(j) be the first derivative of -j**5/30 - j**4/24 - j**3/3 - 2*j**2 - 7. Let b(a) be the second derivative of k(a). Determine b(-2).
-8
Let x(f) = f - 5. Suppose -2*p - 3*p - 3*q = 2, q - 2 = -3*p. Let l be (0/(-6))/(p/(-1)). Give x(l).
-5
Let z(t) be the first derivative of 2*t**3 + t**2/2 + t + 3. Determine z(-1).
6
Let m = 3 - 0. Let d(k) = 3 - 6 - 5 + 5 + k. Determine d(m).
0
Let n(x) = x**3 + 6*x**2 + 6*x + 7. Suppose l + 0 - 6 = 4*h, 7 = 3*l - h. Suppose l*m - 2*a - 2 = 0, -5*m - 4*a = -m - 4. Let d = -6 + m. Determine n(d).
2
Let o be (-2 - 1) + 15 + 4. Let p = o - 15. Let c(n) be the second derivative of 3*n**4/4 - n**3/3 + n**2/2 + n. Give c(p).
8
Let q(h) = -h**3 + 2*h**2 + 1. Suppose -5*d = -c - 8, -4*c - 2*d = -0*d - 12. Give q(c).
1
Let m(o) = -o**2 - 8*o - 7. Suppose 3*u + 3 = -4*z - 5, 4*u = -16. Let w(h) = 1 - h**2 - 3 - 3*h + z. Let r be w(-4). Give m(r).
8
Let g(x) be the first derivative of -x**2/2 + 3*x + 49. Determine g(5).
-2
Let l(d) = d**2 + 4*d. Let q = -23 + 19. What is l(q)?
0
Let h = 7 - 3. Suppose -h*u + 25 = 5. Suppose -12 = -u*l + 4*q - q, -20 = -5*l - 5*q. Let w(t) = -t**3 + 4*t**2 - 3*t + 3. Determine w(l).
3
Suppose 0 = -4*r, 3*r + 12 = 4*m - m. Let t(p) = -p + 1. What is t(m)?
-3
Let z be (-3)/4*6/9*-4. Suppose y + 4*r + 3 = 0, 5*r = -2*y + 5*y - 8. Let u(x) = x**2 + x - 3*x**2 + 0*x**2 + y. Calculate u(z).
-5
Let a(f) = -4*f - 6. Let m(g) = 3*g - g - g - 3*g - 2. Let y(b) = b + 1. Let h(i) = -6*m(i) - 11*y(i). Let z(u) = a(u) + 6*h(u). What is z(4)?
8
Let k be (-9)/2*(-24)/(-36). Let t(n) = -n - 4. What is t(k)?
-1
Suppose u + 13 = 3*w, -8 = -4*u - 0. Suppose -7 + 2 = w*g, -3*g = d + 5. Let o(x) = 2 - 8 + 4*x + 4. Give o(d).
-10
Let r(b) = -2*b**2 - 6 + 2 + 3. Let p be 10/3 